{"id":1723,"date":"2025-09-08T14:38:47","date_gmt":"2025-09-08T14:38:47","guid":{"rendered":"https:\/\/civile.ing.uniroma2.it\/?page_id=1723"},"modified":"2025-10-19T18:07:01","modified_gmt":"2025-10-19T18:07:01","slug":"prova-pagina","status":"publish","type":"page","link":"https:\/\/civile.ing.uniroma2.it\/?page_id=1723","title":{"rendered":"Fondazioni"},"content":{"rendered":"<div class=\"wp-block-ub-divider ub_divider ub-divider-orientation-horizontal\" id=\"ub_divider_013e97fe-f4da-4971-9eec-da573eb3ccae\"><div class=\"ub_divider_wrapper\" style=\"position: relative; margin-bottom: 20px; width: 100%; height: 20px; \" data-divider-alignment=\"center\"><div class=\"ub_divider_line\" style=\"border-top: 5px solid #007d34; margin-top: 20px; \"><\/div><\/div><\/div>\n\n<div ><style>#sp-ea-1787 .spcollapsing { height: 0; overflow: hidden; transition-property: height;transition-duration: 300ms;}#sp-ea-1787.sp-easy-accordion>.sp-ea-single {margin-bottom: 2px; border: 1px solid #e2e2e2; }#sp-ea-1787.sp-easy-accordion>.sp-ea-single>.ea-header a {color: #000000;}#sp-ea-1787.sp-easy-accordion>.sp-ea-single>.sp-collapse>.ea-body {background: #fff; color: #444;}#sp-ea-1787.sp-easy-accordion>.sp-ea-single {background: #f2f2f2;}#sp-ea-1787.sp-easy-accordion>.sp-ea-single>.ea-header a .ea-expand-icon { float: left; color: #000000;font-size: 16px;}<\/style><div id=\"sp_easy_accordion-1757413353\"><div id=\"sp-ea-1787\" class=\"sp-ea-one sp-easy-accordion\" data-ea-active=\"ea-click\" data-ea-mode=\"vertical\" data-preloader=\"\" data-scroll-active-item=\"\" data-offset-to-scroll=\"0\"><div class=\"ea-card ea-expand sp-ea-single\"><h4 class=\"ea-header\"><a class=\"collapsed\" id=\"ea-header-17870\" role=\"button\" data-sptoggle=\"spcollapse\" data-sptarget=\"#collapse17870\" aria-controls=\"collapse17870\" href=\"#\" aria-expanded=\"true\" tabindex=\"0\"><i aria-hidden=\"true\" role=\"presentation\" class=\"ea-expand-icon eap-icon-ea-expand-minus\"><\/i> Informazioni generali<\/a><\/h4><div class=\"sp-collapse spcollapse collapsed show\" id=\"collapse17870\" data-parent=\"#sp-ea-1787\" role=\"region\" aria-labelledby=\"ea-header-17870\"> <div class=\"ea-body\"><p><strong>Docente:<\/strong> Riccardo Conti<\/p><p><strong>Crediti:<\/strong> 9<\/p><p><strong>Lingua:<\/strong> Italiano<\/p><\/div><\/div><\/div><div class=\"ea-card sp-ea-single\"><h4 class=\"ea-header\"><a class=\"collapsed\" id=\"ea-header-17871\" role=\"button\" data-sptoggle=\"spcollapse\" data-sptarget=\"#collapse17871\" aria-controls=\"collapse17871\" href=\"#\" aria-expanded=\"false\" tabindex=\"0\"><i aria-hidden=\"true\" role=\"presentation\" class=\"ea-expand-icon eap-icon-ea-expand-plus\"><\/i> Obiettivi formativi<\/a><\/h4><div class=\"sp-collapse spcollapse \" id=\"collapse17871\" data-parent=\"#sp-ea-1787\" role=\"region\" aria-labelledby=\"ea-header-17871\"> <div class=\"ea-body\"><p>Il corso ha carattere prevalentemente applicativo e ha l\u2019obiettivo primario di fornire le conoscenze di base e avanzate per affrontare la progettazione di fondazioni superficiali e profonde. In particolare, il corso ha i seguenti obiettivi formativi:<\/p><ul><li>fornire i concetti fondamentali riguardanti la caratterizzazione geotecnica dei terreni mediante prove in sito e prove di laboratorio<\/li><li>fornire i concetti fondamentali riguardanti la verifica e il dimensionamento delle fondazioni superficiali nei riguardi degli Stati Limite Ultimi e di Esercizio<\/li><li>fornire i concetti fondamentali riguardanti la verifica e il dimensionamento delle fondazioni profonde nei riguardi degli Stati Limite Ultimi e di Esercizio<\/li><\/ul><\/div><\/div><\/div><div class=\"ea-card sp-ea-single\"><h4 class=\"ea-header\"><a class=\"collapsed\" id=\"ea-header-17872\" role=\"button\" data-sptoggle=\"spcollapse\" data-sptarget=\"#collapse17872\" aria-controls=\"collapse17872\" href=\"#\" aria-expanded=\"false\" tabindex=\"0\"><i aria-hidden=\"true\" role=\"presentation\" class=\"ea-expand-icon eap-icon-ea-expand-plus\"><\/i> Programma<\/a><\/h4><div class=\"sp-collapse spcollapse \" id=\"collapse17872\" data-parent=\"#sp-ea-1787\" role=\"region\" aria-labelledby=\"ea-header-17872\"> <div class=\"ea-body\"><p>Il programma del corso \u00e8 suddiviso in tre parti:<\/p><p><strong>Parte prima: Indagini e Misure Geotecniche<\/strong><u><br \/><\/u>Articolazione, estensione e frequenza delle indagini<br \/>Perforazioni di sondaggio e Campionamento<br \/>Prove penetrometriche (SPT, CPT, CPTU), Scissometro, Pressiometro e Dilatometro<br \/>Misure di permeabilit\u00e0, Misure di pressione interstiziale, Misure di cedimento, Misure di velocit\u00e0 delle onde elastiche<\/p><p><strong>Parte seconda: Fondazioni superficiali<\/strong><u><br \/><\/u>Tipologia delle fondazioni superficiali<br \/>Definizione e Calcolo del Carico limite<br \/>Calcolo dei cedimenti<br \/>Interazione terreno-fondazione-struttura<\/p><p><strong>Parte terza: Fondazioni profonde<\/strong><u><br \/><\/u>Tipologia delle fondazioni profonde<br \/>Carico limite sotto azioni verticali<br \/>Carico limite sotto azioni orizzontali<br \/>Calcolo dei cedimenti<br \/>Interazione palo-terreno<\/p><\/div><\/div><\/div><div class=\"ea-card sp-ea-single\"><h4 class=\"ea-header\"><a class=\"collapsed\" id=\"ea-header-17873\" role=\"button\" data-sptoggle=\"spcollapse\" data-sptarget=\"#collapse17873\" aria-controls=\"collapse17873\" href=\"#\" aria-expanded=\"false\" tabindex=\"0\"><i aria-hidden=\"true\" role=\"presentation\" class=\"ea-expand-icon eap-icon-ea-expand-plus\"><\/i> Prerequisiti richiesti<\/a><\/h4><div class=\"sp-collapse spcollapse \" id=\"collapse17873\" data-parent=\"#sp-ea-1787\" role=\"region\" aria-labelledby=\"ea-header-17873\"> <div class=\"ea-body\"><p>Si considerano acquisite le conoscenze di base di Geotecnica, Scienza delle Costruzioni e Tecnica delle Costruzioni.<\/p><\/div><\/div><\/div><div class=\"ea-card sp-ea-single\"><h4 class=\"ea-header\"><a class=\"collapsed\" id=\"ea-header-17874\" role=\"button\" data-sptoggle=\"spcollapse\" data-sptarget=\"#collapse17874\" aria-controls=\"collapse17874\" href=\"#\" aria-expanded=\"false\" tabindex=\"0\"><i aria-hidden=\"true\" role=\"presentation\" class=\"ea-expand-icon eap-icon-ea-expand-plus\"><\/i> Metodi didattici<\/a><\/h4><div class=\"sp-collapse spcollapse \" id=\"collapse17874\" data-parent=\"#sp-ea-1787\" role=\"region\" aria-labelledby=\"ea-header-17874\"> <div class=\"ea-body\"><p>I metodi didattici impiegati si articolano in:<\/p><ul><li>Lezioni frontali in aula su tutti gli argomenti del programma. E\u2019 previsto anche un confronto dialettico con gli studenti mediante proposizione di quesiti su diversi aspetti dei problemi trattati;<\/li><li>Esercitazioni svolte mediante l&#8217;uso di software applicativi in ambiente Excel e Matlab.<\/li><\/ul><p>Sono previste, inoltre, lezioni frontali a carattere seminariale e visite tecniche in cantiere.<\/p><\/div><\/div><\/div><div class=\"ea-card sp-ea-single\"><h4 class=\"ea-header\"><a class=\"collapsed\" id=\"ea-header-17875\" role=\"button\" data-sptoggle=\"spcollapse\" data-sptarget=\"#collapse17875\" aria-controls=\"collapse17875\" href=\"#\" aria-expanded=\"false\" tabindex=\"0\"><i aria-hidden=\"true\" role=\"presentation\" class=\"ea-expand-icon eap-icon-ea-expand-plus\"><\/i> Modalit\u00e0 di verifica<\/a><\/h4><div class=\"sp-collapse spcollapse \" id=\"collapse17875\" data-parent=\"#sp-ea-1787\" role=\"region\" aria-labelledby=\"ea-header-17875\"> <div class=\"ea-body\"><p>L\u2019esame consiste nello svolgimento di una prova scritta e di una prova orale.<\/p><p>La prova scritta \u00e8 volta a verificare le capacit\u00e0 di analisi e rielaborazione dei concetti acquisiti nel corso, nonch\u00e9 la capacit\u00e0 di risoluzione di un problema semplice relativo al progetto o alla verifica di strutture di fondazione.<\/p><p>La prova orale consiste in una discussione dei concetti teorici e delle attivit\u00e0 svolte durante il corso, nonch\u00e9 degli elaborati finali relativi alle esercitazioni svolte.<\/p><\/div><\/div><\/div><div class=\"ea-card sp-ea-single\"><h4 class=\"ea-header\"><a class=\"collapsed\" id=\"ea-header-17876\" role=\"button\" data-sptoggle=\"spcollapse\" data-sptarget=\"#collapse17876\" aria-controls=\"collapse17876\" href=\"#\" aria-expanded=\"false\" tabindex=\"0\"><i aria-hidden=\"true\" role=\"presentation\" class=\"ea-expand-icon eap-icon-ea-expand-plus\"><\/i> Testi di riferimento<\/a><\/h4><div class=\"sp-collapse spcollapse \" id=\"collapse17876\" data-parent=\"#sp-ea-1787\" role=\"region\" aria-labelledby=\"ea-header-17876\"> <div class=\"ea-body\"><p>Viggiani C. (1999). Fondazioni (2\u00b0 ed.), Hevelius.<\/p><p>Lancellotta R., Costanzo D., Ciancimino A. (2020). Progettazione geotecnica (2\u00b0 ed.), Hoepli.<\/p><\/div><\/div><\/div><div class=\"ea-card sp-ea-single\"><h4 class=\"ea-header\"><a class=\"collapsed\" id=\"ea-header-17877\" role=\"button\" data-sptoggle=\"spcollapse\" data-sptarget=\"#collapse17877\" aria-controls=\"collapse17877\" href=\"#\" aria-expanded=\"false\" tabindex=\"0\"><i aria-hidden=\"true\" role=\"presentation\" class=\"ea-expand-icon eap-icon-ea-expand-plus\"><\/i> Orario di ricevimento<\/a><\/h4><div class=\"sp-collapse spcollapse \" id=\"collapse17877\" data-parent=\"#sp-ea-1787\" role=\"region\" aria-labelledby=\"ea-header-17877\"> <div class=\"ea-body\"><p>L\u2019orario di ricevimento \u00e8 definito dal docente all\u2019inizio del semestre didattico, in accordo con gli studenti. Per ulteriori informazioni, contattare direttamente il docente.<\/p><\/div><\/div><\/div><div class=\"ea-card sp-ea-single\"><h4 class=\"ea-header\"><a class=\"collapsed\" id=\"ea-header-17878\" role=\"button\" data-sptoggle=\"spcollapse\" data-sptarget=\"#collapse17878\" aria-controls=\"collapse17878\" href=\"#\" aria-expanded=\"false\" tabindex=\"0\"><i aria-hidden=\"true\" role=\"presentation\" class=\"ea-expand-icon eap-icon-ea-expand-plus\"><\/i> Altre informazioni<\/a><\/h4><div class=\"sp-collapse spcollapse \" id=\"collapse17878\" data-parent=\"#sp-ea-1787\" role=\"region\" aria-labelledby=\"ea-header-17878\"> <div class=\"ea-body\"><p>Per maggiori informazioni consultare la pagina GOMP relativa all\u2019anno accademico di riferimento, dove \u00e8 possibile scaricare la Scheda completa dell\u2019Insegnamento.<\/p><\/div><\/div><\/div><\/div><\/div><\/div>","protected":false},"excerpt":{"rendered":"","protected":false},"author":2,"featured_media":0,"parent":0,"menu_order":0,"comment_status":"closed","ping_status":"closed","template":"","meta":{"ub_ctt_via":"","_zb_attr":"","zolo_post_video_link":"","footnotes":""},"class_list":["post-1723","page","type-page","status-publish","hentry"],"featured_image_src":null,"yoast_head":"<!-- This site is optimized with the Yoast SEO plugin v25.1 - https:\/\/yoast.com\/wordpress\/plugins\/seo\/ -->\n<title>Fondazioni - Ingegneria Civile<\/title>\n<meta name=\"robots\" content=\"index, follow, max-snippet:-1, max-image-preview:large, max-video-preview:-1\" \/>\n<link rel=\"canonical\" href=\"https:\/\/civile.ing.uniroma2.it\/?page_id=1723\" \/>\n<meta property=\"og:locale\" content=\"it_IT\" \/>\n<meta property=\"og:type\" content=\"article\" \/>\n<meta property=\"og:title\" content=\"Fondazioni - Ingegneria Civile\" \/>\n<meta property=\"og:url\" content=\"https:\/\/civile.ing.uniroma2.it\/?page_id=1723\" \/>\n<meta property=\"og:site_name\" content=\"Ingegneria Civile\" \/>\n<meta property=\"article:modified_time\" content=\"2025-10-19T18:07:01+00:00\" \/>\n<meta property=\"og:image\" content=\"https:\/\/civile.ing.uniroma2.it\/wp-content\/uploads\/2025\/05\/LOGO-ATENEO_PANTONE-7732-CP_Variante1_20230307.png\" \/>\n\t<meta property=\"og:image:width\" content=\"1194\" \/>\n\t<meta property=\"og:image:height\" content=\"1128\" \/>\n\t<meta property=\"og:image:type\" content=\"image\/png\" \/>\n<meta name=\"twitter:card\" content=\"summary_large_image\" \/>\n<script type=\"application\/ld+json\" class=\"yoast-schema-graph\">{\"@context\":\"https:\/\/schema.org\",\"@graph\":[{\"@type\":\"WebPage\",\"@id\":\"https:\/\/civile.ing.uniroma2.it\/?page_id=1723\",\"url\":\"https:\/\/civile.ing.uniroma2.it\/?page_id=1723\",\"name\":\"Fondazioni - Ingegneria Civile\",\"isPartOf\":{\"@id\":\"https:\/\/civile.ing.uniroma2.it\/#website\"},\"datePublished\":\"2025-09-08T14:38:47+00:00\",\"dateModified\":\"2025-10-19T18:07:01+00:00\",\"breadcrumb\":{\"@id\":\"https:\/\/civile.ing.uniroma2.it\/?page_id=1723#breadcrumb\"},\"inLanguage\":\"it-IT\",\"potentialAction\":[{\"@type\":\"ReadAction\",\"target\":[\"https:\/\/civile.ing.uniroma2.it\/?page_id=1723\"]}]},{\"@type\":\"BreadcrumbList\",\"@id\":\"https:\/\/civile.ing.uniroma2.it\/?page_id=1723#breadcrumb\",\"itemListElement\":[{\"@type\":\"ListItem\",\"position\":1,\"name\":\"Home\",\"item\":\"https:\/\/civile.ing.uniroma2.it\/\"},{\"@type\":\"ListItem\",\"position\":2,\"name\":\"Fondazioni\"}]},{\"@type\":\"WebSite\",\"@id\":\"https:\/\/civile.ing.uniroma2.it\/#website\",\"url\":\"https:\/\/civile.ing.uniroma2.it\/\",\"name\":\"Ingegneria Civile\",\"description\":\"Corso di Laurea Magistrale\",\"publisher\":{\"@id\":\"https:\/\/civile.ing.uniroma2.it\/#organization\"},\"potentialAction\":[{\"@type\":\"SearchAction\",\"target\":{\"@type\":\"EntryPoint\",\"urlTemplate\":\"https:\/\/civile.ing.uniroma2.it\/?s={search_term_string}\"},\"query-input\":{\"@type\":\"PropertyValueSpecification\",\"valueRequired\":true,\"valueName\":\"search_term_string\"}}],\"inLanguage\":\"it-IT\"},{\"@type\":\"Organization\",\"@id\":\"https:\/\/civile.ing.uniroma2.it\/#organization\",\"name\":\"Universit\u00e0 degli Studi di Roma Tor Vergata\",\"url\":\"https:\/\/civile.ing.uniroma2.it\/\",\"logo\":{\"@type\":\"ImageObject\",\"inLanguage\":\"it-IT\",\"@id\":\"https:\/\/civile.ing.uniroma2.it\/#\/schema\/logo\/image\/\",\"url\":\"https:\/\/civile.ing.uniroma2.it\/wp-content\/uploads\/2025\/05\/LOGO-ATENEO_PANTONE-7732-CP_Variante1_20230307.png\",\"contentUrl\":\"https:\/\/civile.ing.uniroma2.it\/wp-content\/uploads\/2025\/05\/LOGO-ATENEO_PANTONE-7732-CP_Variante1_20230307.png\",\"width\":1194,\"height\":1128,\"caption\":\"Universit\u00e0 degli Studi di Roma Tor Vergata\"},\"image\":{\"@id\":\"https:\/\/civile.ing.uniroma2.it\/#\/schema\/logo\/image\/\"}}]}<\/script>\n<!-- \/ Yoast SEO plugin. -->","yoast_head_json":{"title":"Fondazioni - Ingegneria Civile","robots":{"index":"index","follow":"follow","max-snippet":"max-snippet:-1","max-image-preview":"max-image-preview:large","max-video-preview":"max-video-preview:-1"},"canonical":"https:\/\/civile.ing.uniroma2.it\/?page_id=1723","og_locale":"it_IT","og_type":"article","og_title":"Fondazioni - Ingegneria Civile","og_url":"https:\/\/civile.ing.uniroma2.it\/?page_id=1723","og_site_name":"Ingegneria Civile","article_modified_time":"2025-10-19T18:07:01+00:00","og_image":[{"width":1194,"height":1128,"url":"https:\/\/civile.ing.uniroma2.it\/wp-content\/uploads\/2025\/05\/LOGO-ATENEO_PANTONE-7732-CP_Variante1_20230307.png","type":"image\/png"}],"twitter_card":"summary_large_image","schema":{"@context":"https:\/\/schema.org","@graph":[{"@type":"WebPage","@id":"https:\/\/civile.ing.uniroma2.it\/?page_id=1723","url":"https:\/\/civile.ing.uniroma2.it\/?page_id=1723","name":"Fondazioni - Ingegneria Civile","isPartOf":{"@id":"https:\/\/civile.ing.uniroma2.it\/#website"},"datePublished":"2025-09-08T14:38:47+00:00","dateModified":"2025-10-19T18:07:01+00:00","breadcrumb":{"@id":"https:\/\/civile.ing.uniroma2.it\/?page_id=1723#breadcrumb"},"inLanguage":"it-IT","potentialAction":[{"@type":"ReadAction","target":["https:\/\/civile.ing.uniroma2.it\/?page_id=1723"]}]},{"@type":"BreadcrumbList","@id":"https:\/\/civile.ing.uniroma2.it\/?page_id=1723#breadcrumb","itemListElement":[{"@type":"ListItem","position":1,"name":"Home","item":"https:\/\/civile.ing.uniroma2.it\/"},{"@type":"ListItem","position":2,"name":"Fondazioni"}]},{"@type":"WebSite","@id":"https:\/\/civile.ing.uniroma2.it\/#website","url":"https:\/\/civile.ing.uniroma2.it\/","name":"Ingegneria Civile","description":"Corso di Laurea Magistrale","publisher":{"@id":"https:\/\/civile.ing.uniroma2.it\/#organization"},"potentialAction":[{"@type":"SearchAction","target":{"@type":"EntryPoint","urlTemplate":"https:\/\/civile.ing.uniroma2.it\/?s={search_term_string}"},"query-input":{"@type":"PropertyValueSpecification","valueRequired":true,"valueName":"search_term_string"}}],"inLanguage":"it-IT"},{"@type":"Organization","@id":"https:\/\/civile.ing.uniroma2.it\/#organization","name":"Universit\u00e0 degli Studi di Roma Tor Vergata","url":"https:\/\/civile.ing.uniroma2.it\/","logo":{"@type":"ImageObject","inLanguage":"it-IT","@id":"https:\/\/civile.ing.uniroma2.it\/#\/schema\/logo\/image\/","url":"https:\/\/civile.ing.uniroma2.it\/wp-content\/uploads\/2025\/05\/LOGO-ATENEO_PANTONE-7732-CP_Variante1_20230307.png","contentUrl":"https:\/\/civile.ing.uniroma2.it\/wp-content\/uploads\/2025\/05\/LOGO-ATENEO_PANTONE-7732-CP_Variante1_20230307.png","width":1194,"height":1128,"caption":"Universit\u00e0 degli Studi di Roma Tor Vergata"},"image":{"@id":"https:\/\/civile.ing.uniroma2.it\/#\/schema\/logo\/image\/"}}]}},"_links":{"self":[{"href":"https:\/\/civile.ing.uniroma2.it\/index.php?rest_route=\/wp\/v2\/pages\/1723","targetHints":{"allow":["GET"]}}],"collection":[{"href":"https:\/\/civile.ing.uniroma2.it\/index.php?rest_route=\/wp\/v2\/pages"}],"about":[{"href":"https:\/\/civile.ing.uniroma2.it\/index.php?rest_route=\/wp\/v2\/types\/page"}],"author":[{"embeddable":true,"href":"https:\/\/civile.ing.uniroma2.it\/index.php?rest_route=\/wp\/v2\/users\/2"}],"replies":[{"embeddable":true,"href":"https:\/\/civile.ing.uniroma2.it\/index.php?rest_route=%2Fwp%2Fv2%2Fcomments&post=1723"}],"version-history":[{"count":43,"href":"https:\/\/civile.ing.uniroma2.it\/index.php?rest_route=\/wp\/v2\/pages\/1723\/revisions"}],"predecessor-version":[{"id":1943,"href":"https:\/\/civile.ing.uniroma2.it\/index.php?rest_route=\/wp\/v2\/pages\/1723\/revisions\/1943"}],"wp:attachment":[{"href":"https:\/\/civile.ing.uniroma2.it\/index.php?rest_route=%2Fwp%2Fv2%2Fmedia&parent=1723"}],"curies":[{"name":"wp","href":"https:\/\/api.w.org\/{rel}","templated":true}]}}